 the prime factors of i.
113
Suppose -27*h + 22*h = 4*z - 5084, -2*z = 3*h - 3052. Suppose -h = -15*p + 14085. List the prime factors of p.
19, 53
Let f(o) = o - 13. Let m be f(-7). Let u be 63 + 1/((-4)/m). Suppose 0 = 2*d + 4*p - u - 42, d = -3*p + 57. List the prime factors of d.
3, 17
Let s be (-3)/18 + (-7)/(-6). Suppose -3*n = 2*b - 20, -4*n = -5*b + 34 - 53. What are the prime factors of (654/18)/(s/n)?
2, 109
Let s be ((-20)/(-4))/(-25) - 33/(-15). Suppose 4 = s*u, 3*u - 622 = -3*v + 4*u. List the prime factors of v.
2, 13
Let x(n) = 5*n - 202. Let m be x(39). Let j(z) = 14*z**2 + 21*z - 5. What are the prime factors of j(m)?
2, 3, 89
Let m(x) = -2*x**2 - 34*x + 14. Let d be m(-6). List the prime factors of (-39 - -43)/(2/d).
2, 73
Let f = -2016 + 502. Let c = f - -2693. What are the prime factors of c?
3, 131
Let v(d) = 19*d**2 + 232*d + 193. List the prime factors of v(-36).
5, 37, 89
Let m = 35801 - 18291. What are the prime factors of m?
2, 5, 17, 103
Let n(g) = -2*g**3 - 2*g**2 + g + 9. Let c be n(-4). Let k = c - 98. Suppose -5*y + 431 = 3*i, k*i - 5*y - 46 - 345 = 0. What are the prime factors of i?
137
Let j(s) = -15*s - 32. Suppose 2*r + 1 = -1, 21 = 4*m + 3*r. Suppose 4*h = -18 - m. List the prime factors of j(h).
2, 29
Let p = -35 + 29. Suppose 8*t = -t + 6768. List the prime factors of t/22 + 5/(165/p).
2, 17
Suppose -7575 + 20291 = 17*o. What are the prime factors of o?
2, 11, 17
Suppose -3*k = 2*k + 2*v - 750, 5*k - 720 = 4*v. Let t = 675 - k. List the prime factors of t.
17, 31
Suppose -o + 3*s - 822 = 0, 2*o - 273 + 1931 = -s. Let k = 1828 + o. List the prime factors of k.
2, 5
Let y(o) = -5*o - 18. Let f be y(-7). Suppose 6*d + f = -4*a + 5*d, -5*a - 15 = -5*d. What are the prime factors of (792/(-7))/(-3) - a/14?
2, 19
Suppose -4*o + o + 3 = 0, -3*n = 4*o - 22. List the prime factors of (n + -6 - 30)*18/(-4).
3, 5
List the prime factors of -6*4/(-6) + 24185 + -549.
2, 3, 5, 197
Let i = 257 + -245. Let n(d) = 3*d**2 + 9*d + 35. List the prime factors of n(i).
5, 23
Let l(n) = -242*n + 8. Let u be l(-2). Suppose -5*f = 8*w - 6*w - 816, u = 3*f + 2*w. List the prime factors of f.
2, 3
Suppose 198 + 141 = 3*h + 2*o, 3*h - 3*o = 339. Suppose 7*x - 5*x + 3*b - 57 = 0, -4*x - 5*b + h = 0. Let v = 61 - x. What are the prime factors of v?
2, 17
List the prime factors of ((-13689544)/1314)/(1/(-9)).
2, 11, 2131
Let t(l) = -3799*l - 8861. List the prime factors of t(-5).
2, 3, 563
What are the prime factors of (-28)/63*-3*54024/16?
2, 2251
Let l be (669 - -1) + (-29 - -29). Let m = -94 + l. Suppose i - 10*i = -m. List the prime factors of i.
2
Suppose -2*b - 7*b = 0. Suppose -4*v = r - 5498, -2*v + 5*r + 0*r + 2738 = b. What are the prime factors of v?
2, 3, 229
Let f(g) = 17*g + 4. Let q be f(-7). Suppose 0 = -u + i + 172 + 42, 2*i - 838 = -4*u. Let p = u + q. List the prime factors of p.
2, 3
Let i = 500 - -316. Let x = 1658 - i. What are the prime factors of x?
2, 421
Let p(q) be the third derivative of q**5/15 - 5*q**4/24 - q**3 - 15*q**2. Let j be p(4). Let g = j + 41. List the prime factors of g.
79
Suppose -4*y + 5*j - 3298 + 10364 = 0, 5*j - 8810 = -5*y. Suppose 3*g + 5*s = 3*s + 1330, 5*s - y = -4*g. What are the prime factors of g?
2, 223
Let o = -1578 - -4977. What are the prime factors of o?
3, 11, 103
What are the prime factors of (5 - 29/3)/(53/(-58353))?
2, 7, 367
Suppose -9 = -3*h, -5*m + h + 4*h + 46475 = 0. List the prime factors of m.
2, 4649
Let o(x) = x**3 - 10*x**2 + 13*x - 16. Let c be 1456/(-22) - (-6)/33 - 1. Let s = 76 + c. List the prime factors of o(s).
2, 5
What are the prime factors of 104152777/5489 + (-4)/(-22)?
3, 5, 11, 23
Let f(a) = 12*a - 9. Suppose 1 = 5*g + 46. Let c be f(g). Let p = c - -335. List the prime factors of p.
2, 109
Suppose -15023 + 11893 = -5*g. List the prime factors of g.
2, 313
Suppose 3*p - 4 = -2*f + 15, -5*p - 3*f = -30. Suppose 0*z + 4*z = 2*v + 2824, 4*z + p*v - 2824 = 0. List the prime factors of z.
2, 353
Let c = -22 - -33. Let f be (c - 10)/(1 - 4/6). Suppose -517 + 89 = -4*n - 5*i, 0 = -n - f*i + 114. What are the prime factors of n?
2, 3, 17
Let p(m) = -52*m + 31. Let w(r) = 53*r - 30. Let s(d) = 3*p(d) + 2*w(d). List the prime factors of s(-2).
7, 19
Let i(q) = 18*q**2 - 17*q - 84. Let h be i(-12). Suppose 415*v = 409*v + h. What are the prime factors of v?
2, 113
Let r = 12710 - -1704. What are the prime factors of r?
2, 7207
Let z(u) = -75*u**3 - 179*u**2 + 13*u + 23. What are the prime factors of z(-7)?
2, 8443
Suppose -w = 9 - 10. What are the prime factors of (w - 5/(-4 - 1))*43?
2, 43
Suppose 5*h + 2*w = -2*w - 3435, 3*w = 5*h + 3470. Let v = h - -1179. What are the prime factors of v?
2, 61
Suppose -68*n + 437280 = 11*n + 112274. What are the prime factors of n?
2, 11, 17
Suppose -13*i + 169071 = -144928 + 90334. List the prime factors of i.
3, 5, 31, 37
Let s = 262 + 179. Let f = s + -186. What are the prime factors of f?
3, 5, 17
List the prime factors of 2/(18/113501) - 61/((-17019)/(-62)).
12611
Let n(k) = k**2 - 36*k - 114. Suppose 298*f - 294*f - 184 = 0. List the prime factors of n(f).
2, 173
What are the prime factors of 1/((-16)/7056*(-3)/27)?
3, 7
What are the prime factors of (7417/2 - 14)/((3/2)/3)?
3, 821
Let k = 27462 + -1471. What are the prime factors of k?
7, 47, 79
Suppose 5*k + 1297725 = 70*k. What are the prime factors of k?
3, 5, 11
Let w(m) = -43*m - 2*m**3 + m**3 - 65*m + 32*m**2 + 61 + 2*m**3 + 83*m. What are the prime factors of w(-32)?
3, 7, 41
Let r = -47 - -43. Let x be (166/r*-1)/(2/4). Suppose p = 11 + x. What are the prime factors of p?
2, 47
Suppose 847*d = 422*d + 413*d + 444984. What are the prime factors of d?
2, 18541
Let i = -1765 + 2177. List the prime factors of i.
2, 103
Let k(p) = 0*p**2 + 0*p - 9 - 10 - p + p**2. Let f be (-5 + 4 + -11)/(1*-1). List the prime factors of k(f).
113
What are the prime factors of ((-240)/(-56))/(5/23310)?
2, 3, 5, 37
Let q be 1*(-4)/14 - (-63512)/28. Suppose 4*a + 8 = 0, -4*o = -2*a - 2*a - q. What are the prime factors of o?
5, 113
Let l = -69 - -126. Let w = -3647 + 3642. Let o = l - w. What are the prime factors of o?
2, 31
Suppose h = 10*u - 5*u - 210, 5*h + 4*u = -1050. Let l = 122 - h. What are the prime factors of l?
2, 83
Let v = -10626 - -20140. List the prime factors of v.
2, 67, 71
Let l(c) = -c**3 + 9*c**2 - 7*c + 8. Let z be l(7). Suppose z*n = 54*n + 36. Let a = 51 - n. List the prime factors of a.
3, 13
Suppose 3*x - 36 = 2*n, 2*x - 3*n + n - 26 = 0. Suppose -x = 3*l - 8*l, -3*f - 5*l + 664 = 0. What are the prime factors of f?
2, 109
Let c = 7966 + -2889. List the prime factors of c.
5077
Suppose 0 = 52*k - 45*k - 196. Let a be k/(-7) - 4*-3. Suppose a*h = 509 + 891. What are the prime factors of h?
5, 7
Suppose -52527 = -17268*x + 17265*x. List the prime factors of x.
17509
Let o be 15/5*2/2. Let y be (-2 + (-8)/(-2))/(2/3). Suppose f = 5*h - y + 132, -o*f = -4*h - 332. List the prime factors of f.
2, 13
Let w(a) be the first derivative of 13*a**3/3 - 17*a**2 + 24*a + 117. List the prime factors of w(13).
3, 593
Let n(g) = -8*g**2 + 7*g + 30. Let j(a) = -a**2 - a + 1. Let t = -92 - -91. Let y(l) = t*n(l) + 4*j(l). What are the prime factors of y(-5)?
3, 43
List the prime factors of -1 - 12605*14/(-70).
2, 3, 5, 7
Suppose -4*r + 454 + 34 = 0. Let w = -134 + r. Let n(a) = -a**2 - 22*a + 7. List the prime factors of n(w).
127
Let f be 6/(-75)*-5*-75. What are the prime factors of (2/(-5))/((f/(-22975))/(-3))?
919
Let j = -96 - -1009. Suppose -8*f = -j - 167. What are the prime factors of f?
3, 5
Let d(p) = 14*p - 8. Suppose 10*y + 55 + 15 = 0. Let l(u) = 42*u - 25. Let q(m) = y*d(m) + 2*l(m). What are the prime factors of q(-6)?
2, 3, 5
Let j = 2595 + 558. What are the prime factors of j?
3, 1051
Let q(m) = 18*m**2 + 2*m - 1. Let t be q(-1). Suppose 20*d - t = 25*d. Let z(v) = 16*v**2 + 10*v + 7. What are the prime factors of z(d)?
11
Suppose 0 = 3*s + 3*m - 6, -4*m = -2*s - 3*s + 19. Suppose -2942 = -3*b + 2*f, -5*b - 2*f = -s*f - 4894. List the prime factors of b.
2, 3, 163
Let r(l) be the third derivative of 131*l**6/30 - l**4/24 + 88*l**2. What are the prime factors of r(1)?
523
Let t = -82 - -85. What are the prime factors of (1 - 5 - -2)*(-856 - t)?
2, 859
Let n